{"id":2301,"date":"2015-11-18T23:04:21","date_gmt":"2015-11-18T22:04:21","guid":{"rendered":"http:\/\/www.cafe-mann.de\/?page_id=2301"},"modified":"2015-11-18T23:08:23","modified_gmt":"2015-11-18T22:08:23","slug":"5-m-regel","status":"publish","type":"page","link":"http:\/\/www.cafe-mann.de\/?page_id=2301","title":{"rendered":"5 M+W Regel"},"content":{"rendered":"<div id=\"pl-2301\"  class=\"panel-layout\" ><div id=\"pg-2301-0\"  class=\"panel-grid panel-no-style\" ><div id=\"pgc-2301-0-0\"  class=\"panel-grid-cell\" ><div id=\"panel-2301-0-0-0\" class=\"so-panel widget widget_black-studio-tinymce widget_black_studio_tinymce panel-first-child panel-last-child\" data-index=\"0\" ><div class=\"textwidget\"><p>F\u00fcr die Zubereitung einer perfekten Tasse Kaffee \/ Espresso wird seit Jahrzehnten der 5 M Regel gro\u00dfe Beachtung zugesprochen und dies auch aus gutem Grund\u2026<\/p>\n<\/div><\/div><\/div><\/div><div id=\"pg-2301-1\"  class=\"panel-grid panel-no-style\" ><div id=\"pgc-2301-1-0\"  class=\"panel-grid-cell\" ><div id=\"panel-2301-1-0-0\" class=\"so-panel widget widget_black-studio-tinymce widget_black_studio_tinymce panel-first-child panel-last-child\" data-index=\"1\" ><h3 class=\"widget-title\">1-M : Mischung<\/h3><div class=\"textwidget\"><p>Eines der qualitativen Merkmale eines guten Kaffee \/ Espresso ist sein ausgewogener Geschmack.<br \/> Hierbei gilt es ein harmonisches Zusammenspiel zwischen Bitterkeit und S\u00e4ure der einzelnen Kaffeesorten<br \/> zu erzielen. Dabei ist das Mischungsverh\u00e4ltnis zwischen Arabica- und Robustabohnen nicht unbedingt<br \/> wichtig.<\/p>\n<p>\u00a0<\/p>\n<\/div><\/div><\/div><\/div><div id=\"pg-2301-2\"  class=\"panel-grid panel-no-style\" ><div id=\"pgc-2301-2-0\"  class=\"panel-grid-cell\" ><div id=\"panel-2301-2-0-0\" class=\"so-panel widget widget_black-studio-tinymce widget_black_studio_tinymce panel-first-child panel-last-child\" data-index=\"2\" ><h3 class=\"widget-title\">2-M : M\u00fchle<\/h3><div class=\"textwidget\"><p>Eine stets gewartete und gut eingestellte M\u00fchle ist ein Garant f\u00fcr gleichm\u00e4\u00dfige Mahlung. F\u00fcr die beste<br \/> Qualit\u00e4t sollte zwischen mahlen und br\u00fchen nicht viel Zeit verstreichen. Daf\u00fcr gibt es - on demand -<br \/> M\u00fchlen. Diese mahlen jede Portion frisch in den Siebtr\u00e4ger. F\u00fcr sehr hohe Bezugsfrequenz empfehle ich<br \/> jedoch Automatik- M\u00fchlen mit Vorratsbeh\u00e4lter\u2026<\/p>\n<\/div><\/div><\/div><\/div><div id=\"pg-2301-3\"  class=\"panel-grid panel-no-style\" ><div id=\"pgc-2301-3-0\"  class=\"panel-grid-cell\" ><div id=\"panel-2301-3-0-0\" class=\"so-panel widget widget_black-studio-tinymce widget_black_studio_tinymce panel-first-child panel-last-child\" data-index=\"3\" ><h3 class=\"widget-title\">3-M : Maschine<\/h3><div class=\"textwidget\"><p>Die Maschine sollte einer regelm\u00e4\u00dfigen Kontrolle der Br\u00fchsiebe und Siebtr\u00e4gerdichtungen unterliegen.<br \/> Diese sollten t\u00e4glich gereinigt werden um die \u00f6ligen Ablagerungen des t\u00e4glichen Betriebs zu entfernen.<br \/> Je nach Belastung der Maschine, sollte diese durch einen Service- Techniker regelm\u00e4\u00dfig gewartet werden.<br \/> Die Temperatur und sonstige Parameter der Maschine sind dem Kaffee anzupassen\u2026<\/p>\n<\/div><\/div><\/div><\/div><div id=\"pg-2301-4\"  class=\"panel-grid panel-no-style\" ><div id=\"pgc-2301-4-0\"  class=\"panel-grid-cell\" ><div id=\"panel-2301-4-0-0\" class=\"so-panel widget widget_black-studio-tinymce widget_black_studio_tinymce panel-first-child panel-last-child\" data-index=\"4\" ><h3 class=\"widget-title\">4-M : Menge ( Pulver )<\/h3><div class=\"textwidget\"><p>Die Pulvermenge sollte in jedem Fall, immer dem entsprechenden Sieb (Tassensieb 1 od. 2 Portionen )<br \/> angepasst werden. Jede \u00dcber.- Unterdosierung f\u00fchrt zu einem schlechten Br\u00fchergebnis. Die Einstellung<br \/> der jeweiligen Portionen sollte durch einen Fachmann erfolgen\u2026<\/p>\n<\/div><\/div><\/div><\/div><div id=\"pg-2301-5\"  class=\"panel-grid panel-no-style\" ><div id=\"pgc-2301-5-0\"  class=\"panel-grid-cell\" ><div id=\"panel-2301-5-0-0\" class=\"so-panel widget widget_black-studio-tinymce widget_black_studio_tinymce panel-first-child panel-last-child\" data-index=\"5\" ><h3 class=\"widget-title\">5-M : Mensch<\/h3><div class=\"textwidget\"><p>Das letzte M der Reihe ist mit Sicherheit auch das Wichtigste. Der K\u00fcnstler, der alle M\u00b4s perfekt miteinander<br \/> in Einklang bringt wird \u201eBARISTA\u201c genannt. Durch sein Wissen und K\u00f6nnen wird der Kaffee \/ Espresso<br \/> nicht nur ein Geschmackserlebnis sondern vielmehr eine bleibende Erinnerung\u2026<\/p>\n<\/div><\/div><\/div><\/div><div id=\"pg-2301-6\"  class=\"panel-grid panel-no-style\" ><div id=\"pgc-2301-6-0\"  class=\"panel-grid-cell\" ><div id=\"panel-2301-6-0-0\" class=\"so-panel widget widget_black-studio-tinymce widget_black_studio_tinymce panel-first-child panel-last-child\" data-index=\"6\" ><h3 class=\"widget-title\">Das gro\u00dfe W !!!<\/h3><div class=\"textwidget\"><p>Das gro\u00dfe W sollte man keines Falls au\u00dfer Acht lassen !!!<\/p>\n<p>In 20 - Jahren Erfahrung mit wunderbaren Kaffee\u00b4s und au\u00dfergew\u00f6hnlichen Maschinen dank derer ich<br \/> meinen Beruf so liebe, hat dieses gro\u00dfe W immer wieder f\u00fcr kleinere Probleme gesorgt\u2026.<\/p>\n<h3><strong>Das Wasser<\/strong><\/h3>\n<p>Dieses so kostbare Element sorgt in der richtigen Qualit\u00e4t und H\u00e4rte erst f\u00fcr die Vollkommenheit des<br \/> von uns so geliebten Kaffee \/ Espresso.<br \/> Hier gilt es das vor Ort gegebene Wasser durch verschiedene Filter bzw. Aufbereitungssysteme auf die<br \/> gew\u00fcnschte Qualit\u00e4t zu bringen\u2026<\/p>\n<\/div><\/div><\/div><\/div><\/div>","protected":false},"excerpt":{"rendered":"<p>F\u00fcr die Zubereitung einer perfekten Tasse Kaffee \/ Espresso wird seit Jahrzehnten der 5 M Regel gro\u00dfe Beachtung zugesprochen und dies auch aus gutem Grund\u2026 Eines der qualitativen Merkmale eines guten Kaffee \/ Espresso ist sein ausgewogener Geschmack. Hierbei gilt es ein harmonisches Zusammenspiel zwischen Bitterkeit und S\u00e4ure der einzelnen Kaffeesorten zu erzielen. Dabei ist &hellip;<\/p>\n","protected":false},"author":1,"featured_media":0,"parent":0,"menu_order":0,"comment_status":"closed","ping_status":"closed","template":"","meta":{"footnotes":""},"class_list":["post-2301","page","type-page","status-publish","hentry"],"_links":{"self":[{"href":"http:\/\/www.cafe-mann.de\/index.php?rest_route=\/wp\/v2\/pages\/2301","targetHints":{"allow":["GET"]}}],"collection":[{"href":"http:\/\/www.cafe-mann.de\/index.php?rest_route=\/wp\/v2\/pages"}],"about":[{"href":"http:\/\/www.cafe-mann.de\/index.php?rest_route=\/wp\/v2\/types\/page"}],"author":[{"embeddable":true,"href":"http:\/\/www.cafe-mann.de\/index.php?rest_route=\/wp\/v2\/users\/1"}],"replies":[{"embeddable":true,"href":"http:\/\/www.cafe-mann.de\/index.php?rest_route=%2Fwp%2Fv2%2Fcomments&post=2301"}],"version-history":[{"count":0,"href":"http:\/\/www.cafe-mann.de\/index.php?rest_route=\/wp\/v2\/pages\/2301\/revisions"}],"wp:attachment":[{"href":"http:\/\/www.cafe-mann.de\/index.php?rest_route=%2Fwp%2Fv2%2Fmedia&parent=2301"}],"curies":[{"name":"wp","href":"https:\/\/api.w.org\/{rel}","templated":true}]}}