{"id":2294,"date":"2015-11-18T23:00:10","date_gmt":"2015-11-18T22:00:10","guid":{"rendered":"http:\/\/www.cafe-mann.de\/?page_id=2294"},"modified":"2015-11-18T23:00:16","modified_gmt":"2015-11-18T22:00:16","slug":"revision-der-maschine","status":"publish","type":"page","link":"http:\/\/www.cafe-mann.de\/?page_id=2294","title":{"rendered":"Revision der Maschine"},"content":{"rendered":"<div id=\"pl-2294\"  class=\"panel-layout\" ><div id=\"pg-2294-0\"  class=\"panel-grid panel-no-style\" ><div id=\"pgc-2294-0-0\"  class=\"panel-grid-cell\" ><div id=\"panel-2294-0-0-0\" class=\"so-panel widget widget_black-studio-tinymce widget_black_studio_tinymce panel-first-child panel-last-child\" data-index=\"0\" ><div class=\"textwidget\"><p>Nach Jahren des t\u00e4glichen Gebrauchs, kommt f\u00fcr jede Maschine der Zeitpunkt um Sie durch eine neue zu ersetzen oder die g\u00fcnstigere Variante der Revision zu w\u00e4hlen. <\/p>\n<p>Je nach Gebrauch und Pflege kann das schon nach 4 oder auch erst nach 10 Jahren der Fall sein. Wir wissen das ein guter Kaffee \/ Espresso eine gewisse Wasserh\u00e4rte ben\u00f6tigt um \u00fcberhaupt ein Aroma zu entwickeln. Somit bilden sich Ablagerungen an Heizst\u00e4ben, Boiler ( Kessel ) und im W\u00e4rmetauscher der Maschine. Diese beeintr\u00e4chtigen mit zunehmendem Ma\u00dfe die Funktion. Kalkablagerungen sind nicht nur f\u00fcr einen Temperaturverlust verantwortlich sondern auch f\u00fcr stark verminderten Wasserfluss. Jetzt wird es Zeit zu handeln da hiermit keine Produktqualit\u00e4t mehr gew\u00e4hrleistet ist.<\/p>\n<p>Bei einer Revision \/ \u00dcberholung wird die Maschine in alle Bestandteile zerlegt. Alle wasserf\u00fchrende Teile ( Boiler, Rohre usw.) werden in Entkalkungsb\u00e4dern vom Kalk und sonstigen Ablagerungen befreit. Anschlie\u00dfend muss das Kupfer frisch versiegelt werden um die Bildung von Gr\u00fcnspan ( m\u00e4\u00dfig giftig !!! ) zu verhindern.<br \/>Anschlie\u00dfend wird die Maschine wieder Zusammengebaut. <br \/>Neue Teile die verbaut werden : Heizung, Br\u00fchventile, F\u00fcllventil, Hei\u00dfwasser-Ventil ( falls vorhanden ) sowie Flowmeter ( Wassermengen Z\u00e4hler ) und nat\u00fcrlich alle Dichtungen.<br \/>Somit w\u00e4re die Maschine bis auf die Karosserie in einem Neuzustand !!!<\/p>\n<p>Die Kosten f\u00fcr diesen Aufwand bei einer 2- gruppigen Maschine w\u00fcrden sich auf etwa 1000\u20ac bis 1300\u20ac je nach Modell belaufen. Die Garantie f\u00fcr die verbauten Teile betr\u00e4gt ein Jahr.<br \/>Sollten Sie sich f\u00fcr eine neue Maschine entscheiden, nehmen wir das alte Ger\u00e4t gerne in Zahlung. <\/p>\n<p>\u00a0<\/p>\n<\/div><\/div><\/div><\/div><\/div>","protected":false},"excerpt":{"rendered":"<p>Nach Jahren des t\u00e4glichen Gebrauchs, kommt f\u00fcr jede Maschine der Zeitpunkt um Sie durch eine neue zu ersetzen oder die g\u00fcnstigere Variante der Revision zu w\u00e4hlen. Je nach Gebrauch und Pflege kann das schon nach 4 oder auch erst nach 10 Jahren der Fall sein. Wir wissen das ein guter Kaffee \/ Espresso eine gewisse &hellip;<\/p>\n","protected":false},"author":1,"featured_media":0,"parent":0,"menu_order":0,"comment_status":"closed","ping_status":"closed","template":"","meta":{"footnotes":""},"class_list":["post-2294","page","type-page","status-publish","hentry"],"_links":{"self":[{"href":"http:\/\/www.cafe-mann.de\/index.php?rest_route=\/wp\/v2\/pages\/2294","targetHints":{"allow":["GET"]}}],"collection":[{"href":"http:\/\/www.cafe-mann.de\/index.php?rest_route=\/wp\/v2\/pages"}],"about":[{"href":"http:\/\/www.cafe-mann.de\/index.php?rest_route=\/wp\/v2\/types\/page"}],"author":[{"embeddable":true,"href":"http:\/\/www.cafe-mann.de\/index.php?rest_route=\/wp\/v2\/users\/1"}],"replies":[{"embeddable":true,"href":"http:\/\/www.cafe-mann.de\/index.php?rest_route=%2Fwp%2Fv2%2Fcomments&post=2294"}],"version-history":[{"count":0,"href":"http:\/\/www.cafe-mann.de\/index.php?rest_route=\/wp\/v2\/pages\/2294\/revisions"}],"wp:attachment":[{"href":"http:\/\/www.cafe-mann.de\/index.php?rest_route=%2Fwp%2Fv2%2Fmedia&parent=2294"}],"curies":[{"name":"wp","href":"https:\/\/api.w.org\/{rel}","templated":true}]}}